What is t(-9)?
2
Let q(u) = 2*u**2 - 20*u - 17. Give q(12).
31
Let f(o) = -o**2 + 17*o - 89. Give f(8).
-17
Let r(z) = -2*z**3 - 3*z**2 + 5*z + 2. What is r(-3)?
14
Let a(v) = -v - 8. Determine a(-7).
-1
Let a(h) = -h**2 + 9*h + 13. Give a(8).
21
Let f(v) = -2*v**2 - 8*v + 6. Give f(-6).
-18
Let j(i) = -i**2 - 14*i - 45. Calculate j(-7).
4
Let c(v) = -26*v - 341. What is c(-13)?
-3
Let n(z) = z**3 + 3*z**2 + 2*z - 2. Give n(-3).
-8
Let o(t) = 11*t + 20. Give o(-3).
-13
Let o(s) = -59*s - 229. Give o(-4).
7
Let m(x) = x**3 - 13*x**2 + 15*x - 18. Calculate m(12).
18
Let j(h) = 2*h**2 - 54*h + 140. What is j(24)?
-4
Let f(g) = 12*g**2 + 8*g - 7. What is f(1)?
13
Let l(k) = -14*k + 1. Calculate l(-2).
29
Let w(t) = t**2 - 7*t + 15. Calculate w(2).
5
Let u(l) = l**3 - 7*l**2 + 8*l + 2. Determine u(6).
14
Let g(h) = -h**2 + 12*h - 22. Determine g(9).
5
Let f(r) = -r**2 + 7*r + 4. Calculate f(-7).
-94
Let n(b) = 8*b**3 - 5*b**2 + 3*b - 3. Determine n(2).
47
Let t(h) = 9*h**2 + 4*h + 4. Give t(-4).
132
Let a(x) = -7*x + 1. Calculate a(-7).
50
Let d(u) = u**3 + 6*u**2 + 4*u + 1. Determine d(-5).
6
Let m(i) = i**2 - 22*i + 23. Determine m(20).
-17
Let b(c) = -c**3 + 2*c**2 + c - 2. Calculate b(2).
0
Let o(z) = -7*z + 274. Determine o(40).
-6
Let a(f) = f**3 + 15*f**2 - 14*f - 12. Determine a(-16).
-44
Let m(o) = o + 19. Give m(-5).
14
Let m(f) = -6*f + 36. Give m(5).
6
Let b(v) = -v**3 - 7*v**2 - 7*v - 4. Give b(-6).
2
Let g(z) = -6*z**3 + z**2 - z - 1. Calculate g(1).
-7
Let g(x) = 8*x + 12. Calculate g(-4).
-20
Let i(x) = -2*x**2 - 43*x - 65. Give i(-20).
-5
Let t(b) = 18*b - 2. Give t(1).
16
Let l(m) = m**2 + 6*m - 12. Give l(-8).
4
Let x(a) = -17*a - 2. Give x(1).
-19
Let a(g) = g**3 + 6*g**2 - 6*g + 8. What is a(-7)?
1
Let p(s) = 5*s - 112. Give p(10).
-62
Let f(m) = m**3 - 29*m**2 + 27*m + 22. What is f(28)?
-6
Let i(j) = -6*j - 5. Give i(-6).
31
Let k(n) = 2*n**2 + 3*n + 2. Give k(1).
7
Let y(i) = -9*i**3 + i**2 - 3*i + 3. Determine y(1).
-8
Let p(g) = g + 52. Determine p(-18).
34
Let y(d) = d**2 - 12*d + 5. Determine y(12).
5
Let d(f) = f**3 - 34*f**2 + 4*f - 145. Determine d(34).
-9
Let v(s) = -s**3 + 12*s**2 - 24*s + 7. Calculate v(10).
-33
Let v(d) = 2*d - 11. Give v(5).
-1
Let w(f) = 18*f + 3. Determine w(-2).
-33
Let n(s) = 9*s - 20. Give n(3).
7
Let l(f) = -10*f - 29. Give l(-2).
-9
Let u(v) = -v**2 + 14*v - 20. Determine u(10).
20
Let z(t) = t - 23. What is z(6)?
-17
Let o(f) = f**2 - 23*f + 59. Give o(19).
-17
Let a(t) = -2*t**2 + t - 3. Determine a(3).
-18
Let h(v) = -2*v**3 - 28*v**2 - v - 14. What is h(-14)?
0
Let x(z) = -8*z**2 - 3*z + 2. Calculate x(1).
-9
Let y(d) = d**2 - 3*d - 12. Give y(6).
6
Let h(n) = -n**3 - 15*n**2 - 14*n - 1. Give h(-14).
-1
Let g(c) = 3*c**2 + 22*c - 46. Determine g(-9).
-1
Let f(p) = 3*p - 25. Calculate f(8).
-1
Let y(q) = -q**3 + 12*q**2 - 13*q + 12. Give y(11).
-10
Let u(j) = -5*j - 1. Calculate u(2).
-11
Let c(d) = -d**3 + 19*d - 11. Give c(-5).
19
Let t(x) = -2*x - 8. What is t(7)?
-22
Let m(f) = 11*f - 7. Give m(3).
26
Let m(k) = -k**3 + 5*k**2 + k + 40. Give m(6).
10
Let f(b) = b**3 + 6*b**2 + 9*b + 5. Calculate f(-4).
1
Let t(r) = r**2 + 9*r + 27. Give t(-5).
7
Let y(x) = -x**3 + 10*x**2 + 16. Determine y(11).
-105
Let j(w) = 31*w - 183. Give j(4).
-59
Let l(v) = v**3 + 8*v**2 + 4*v - 15. Calculate l(-7).
6
Let w(z) = -3*z**2 + 23*z - 60. Give w(4).
-16
Let i(o) = o. Give i(-8).
-8
Let b(a) = a**3 - 4*a**2 - 6*a - 17. What is b(5)?
-22
Let w(i) = -i + 7. Calculate w(12).
-5
Let m(d) = 2*d**2 - 7*d + 44. Calculate m(5).
59
Let t(b) = 45*b - 239. Calculate t(5).
-14
Let j(b) = 33*b - 493. What is j(15)?
2
Let j(p) = -p**3 - 8*p**2 - 4*p + 42. Determine j(-5).
-13
Let s(z) = -28*z**3 - 2*z**2 + 1. Determine s(1).
-29
Let i(a) = -2*a - 40. Determine i(-22).
4
Let j(y) = y - 17. Give j(7).
-10
Let u(d) = 2*d - 30. Calculate u(15).
0
Let q(p) = p**3 + 12*p**2 + 12*p + 1. Give q(-11).
-10
Let w(a) = a**2 + 7*a - 9. What is w(-7)?
-9
Let n(z) = -z**3 - 8*z**2 - 4*z + 6. What is n(-7)?
-15
Let u(o) = o**3 - 43*o**2 - 240*o - 12. What is u(48)?
-12
Let u(h) = h**3 + 7*h**2 - 9*h. Determine u(-8).
8
Let c(f) = -3*f + 2. Calculate c(8).
-22
Let s(b) = -2*b**3 + 3*b**2 + 2*b - 3. Give s(-3).
72
Let r(z) = z**3 - 8*z**2 + 10*z + 10. Give r(6).
-2
Let s(n) = -n + 8. Determine s(12).
-4
Let w(b) = b**2 - 4*b - 6. Determine w(5).
-1
Let l(j) = -2*j - 9. Calculate l(-7).
5
Let m(g) = -2*g. Calculate m(-6).
12
Let l(w) = -16*w - 3. Give l(1).
-19
Let v(d) = 93*d**3 - d**2 + 4*d - 2. Determine v(1).
94
Let l(w) = 4*w - 55. Give l(0).
-55
Let r(s) = s + 118. What is r(-35)?
83
Let l(h) = 2*h**2 - 19*h - 22. Determine l(10).
-12
Let a(r) = 3*r**2 - 2*r + 5. Determine a(2).
13
Let l(z) = -3*z - 13. Determine l(-5).
2
Let q(k) = k**2 - 22*k - 49. What is q(-2)?
-1
Let m(t) = -t**2 - 12*t + 2. Determine m(-7).
37
Let a(f) = -27*f**3 - f**2 + 2*f - 1. Determine a(1).
-27
Let d(u) = u**3 + 4*u**2 + u. Give d(-2).
6
Let a(g) = -6*g**2 - 82*g + 19. What is a(-14)?
-9
Let c(w) = -w**2 - w - 6. Determine c(8).
-78
Let v(n) = n**2 + n - 10. Determine v(0).
-10
Let s(q) = -q**3 - 2*q**2 + 5*q + 1. Calculate s(-4).
13
Let k(l) = 32*l + 353. Give k(-11).
1
Let b(g) = -8*g + 131. What is b(18)?
-13
Let j(g) = g**2 - g. What is j(-1)?
2
Let v(d) = -41*d**2 + 325*d + 11. What is v(8)?
-13
Let h(b) = b**3 - 8*b**2 + 2*b - 2. Give h(8).
14
Let a(o) = o**3 - 5*o**2 - 4*o - 8. Calculate a(6).
4
Let u(o) = -o + 4. Give u(3).
1
Let s(z) = z**3 - 3*z**2 - 3*z + 3. What is s(5)?
38
Let d(w) = 2*w + 2. Give d(13).
28
Let h(k) = -k**3 + 15*k**2 + 14*k + 33. What is h(16)?
1
Let c(t) = -14*t**2 + 3*t - 1. Give c(2).
-51
Let g(b) = b**2 - 3*b - 13. Determine g(4).
-9
Let f(x) = -x**3 + 7*x**2 - 11*x - 1. Give f(5).
-6
Let b(j) = j + 85. Determine b(-11).
74
Let r(y) = -y**3 + 6*y**2 - 4*y - 12. Give r(4).
4
Let g(s) = 27*s + 327. What is g(-12)?
3
Let p(q) = -2*q + 20. Give p(12).
-4
Let o(k) = -3*k**2 + 18*k - 12. Give o(8).
-60
Let p(j) = j**3 + 14*j**2 + 39*j - 4. Give p(-10).
6
Let j(r) = 5*r**2 - 29*r - 8. Calculate j(6).
-2
Let p(k) = -22*k + 2. What is p(-2)?
46
Let f(g) = g**3 + 9*g**2 + 15*g + 4. Determine f(-7).
-3
Let x(a) = -2*a + 30. Calculate x(0).
30
Let d(f) = -f**2 - 6*f + 2. What is d(-9)?
-25
Let b(t) = 4*t + 8. What is b(-2)?
0
Let w(b) = -9*b - 25. Determine w(0).
-25
Let r(f) = -f**3 - 25. Determine r(0).
-25
Let l(q) = -q**3 - 9*q**2 + 28*q + 73. Give l(-11).
7
Let g(u) = u**3 - 12*u**2 + 19*u + 8. Give g(10).
-2
Let m(p) = -4*p - 42. Give m(-6).
-18
Let y(q) = -q**3 + 9*q**2 - 22*q - 7. Calculate y(4).
-15
Let h(z) = 4*z - 85. Calculate h(23).
7
Let k(p) = 2*p**2 + 9*p - 10. Calculate k(-9).
71
Let d(u) = u**3 + 15*u**2 + 3*u + 17. Calculate d(-15).
-28
Let h(a) = 9*a + 48. Determine h(-7).
-15
Let f(h) = -5*h**2 - 2*h. Calculate f(-3).
-39
Let h(z) = -4*z + 3. What is h(1)?
-1
Let m(n) = -2*n + 15. Determine m(13).
-11
Let d(m) = -2*m**2 - 9*m + 96. What is d(5)?
1
Let z(y) = -y**2 + 24*y - 147. Give z(11).
-4
Let j(x) = -x**3 - 7*x**2 - x - 8. What is j(-7)?
-1
Let w(n) = n**3 - 2*n**2 - 7*n + 3. Determine w(3).
-9
Let f(l) = 4*l + 21. What is f(0)?
21
Let k(q) = 2*q**3 + q**2 + 6*q - 22. Give k(3).
59
Let c(j) = j**3 - 9*j**2 + 5*j - 35. Give c(9).
10
Let g(s) = -21*s - 1. Determine g(1).
-22
Let g(o) = -8*o - 45. Determine g(-9).
27
Let l(a) = -3*a + 13. Calculate l(12).
-23
Let n(d) = d**2 - 8*d - 8. What is n(10)?
12
Let a(p) = -p**3 + 6*p**2 - 9*p + 10. Determine a(2).
8
Let j(z) = -10*z**2 + 15*z + 2. Give j(2).
-8
Let z(o) = o**3 - 18*o**2 + 23*o - 22. Calculate z(17).
80
Let j(z) = 13*z - 204. What is j(17)?
17
Let o(y) = 6*y**3 + 2*y**2 - 1. What is o(1)?
7
Let c(u) = -4*u**3 - 1. Give c(-1).
3
Let t(l) = 42*l**3 - 2*l**2 + l. What is t(1)?
41
Let q(h) = h**3 + 13*h**2 - 48*h + 8. Determine q(-16).
8
Let m(v) = -v**3 + 10*v**2 + v + 9. What is m(10)?
19
Let k(i) = i**2 + 26*i + 23. Give k(-22).
-65
Let p(v) = v**3 + 5*v**2 - 11. Give p(-4).
5
Let z(s) = s**3 - 2*s**2 - 6*s + 3. Determine z(-3).
-24
Let a(y) = 5*y**2 + 4*y - 5. Calculate a(1).
4
Let m(v) = -v - 15. Calculate m(-21).
6
Let k(o) = 41*o + 688. What is k(-17)?
-9
Let d(s) = -6*s - 39. Determine d(-7).
3
Let x(t) = -t**2 + 45*t - 77. Calculate x(4